What are the prime factors of -1 + n/(2/5)?
2
Let j(h) = -h**3 - 4*h**2 - 4*h - 14. List the prime factors of j(-6).
2, 41
Let u = 16 + -9. List the prime factors of u.
7
Suppose 5*r = -5*o - 12 - 8, 5*o - 5*r - 20 = 0. Let w(t) = -t**2 + t + 9. What are the prime factors of w(o)?
3
Let w(m) = 4*m - 2. Let f(n) = 9*n - 3. Suppose 17 = -i - 2*i + 4*c, 3*c + 3 = 0. Let h(j) = i*w(j) + 3*f(j). What are the prime factors of h(0)?
5
Suppose 3*d - 2 - 16 = 0. Let u(z) = z**2 - z - 2. List the prime factors of u(d).
2, 7
Let j be 1/3 - 48/(-18). Suppose 0*c + 15 = j*c. List the prime factors of c.
5
Let s = -10 + 13. Suppose 0 = -s*j + 2*j + 4. What are the prime factors of j?
2
Let u(n) = -n**2 - 7*n - 2. Let v(h) = h**2 + 5*h + 2. Let x be v(-3). Let s be u(x). Suppose m + 2 = s. What are the prime factors of m?
2
Suppose 0 = 4*x - x - 6. Let i be x/(-4) + 11/2. What are the prime factors of 2/i + (-106)/(-10)?
11
Let g(q) = q + 5. Let b be g(-3). Suppose r + b*h = 25 + 17, 2*r = 5*h + 57. List the prime factors of r.
2, 3
Suppose w - 50 = -5*b, -w - 4*b + 2*b = -65. Suppose 6*m = m + w. List the prime factors of m.
3, 5
Let o(j) = -j**3 + 8*j**2 - 8*j - 5. Let d be o(7). Let q = 17 + d. Suppose -q*y - 15 = -p - 71, 5*p = -4*y + 39. List the prime factors of y.
11
Let s = -21 - -30. Suppose s = -2*t + 5*n, -t - 6*n + n + 33 = 0. Suppose -j - t = -b - 3, -2*j = 0. What are the prime factors of b?
5
What are the prime factors of 2/(-8) - 1/((-24)/1950)?
3
Let f be (1/(-3))/((-1)/6). Suppose f*m - 5*x - 6 = -0*m, -4*x = 0. What are the prime factors of m?
3
Let v(u) = -4*u + 7. Let k(y) = -y + 1. Let x(o) = 5*k(o) - v(o). Let q be x(-2). Suppose -4*j - 12 + 56 = q. List the prime factors of j.
11
Let g(t) = -t - 2. Let d be g(-7). Suppose 0 = -0*w - d*w + 35. Let f = -1 + w. List the prime factors of f.
2, 3
Suppose -f - 4*z - 1 = 0, -5*f = -3*z + 7*z - 11. Suppose f*b = 5*d + 5*b - 52, -33 = -3*d - 3*b. What are the prime factors of d?
2, 5
Let w(t) = -t**3 - 4*t**2 + 2*t - 3. Let r be (-4)/5*45/6. Let o be w(r). Suppose -4*c = -c - o. What are the prime factors of c?
19
Let j(v) = 7*v**2 + 2*v - 2. Let b be (-6)/(-2) - (6 - 1). Let o be j(b). Suppose -o = -0*k - 2*k. What are the prime factors of k?
11
Suppose s = -0*s - 3. Let v(c) = -9*c. Let w be v(s). Let p = -15 + w. List the prime factors of p.
2, 3
Let d = 28 - -16. List the prime factors of d.
2, 11
Let i = 4 + 28. List the prime factors of i.
2
Let x = 2 - -5. What are the prime factors of x?
7
Suppose -22*g = -18*g - 352. What are the prime factors of g?
2, 11
Let r be (-45)/(-18)*968/10. Suppose 5*v = -h + 226, -2*v - 3*v + 3*h + r = 0. List the prime factors of v.
2, 23
Let d = 47 + -43. List the prime factors of d.
2
Let a(p) = -7*p + 13. What are the prime factors of a(-17)?
2, 3, 11
Let r(g) = g**2 + 11*g + 14. Let s = -32 + 22. What are the prime factors of r(s)?
2
Suppose 9 = -2*r + g - 3, 0 = -r + 4*g - 20. Let i be 2/2*(r - -3). What are the prime factors of i*(1 - 0)*-10?
2, 5
Let n(q) = 0*q - 1 - 2*q + 5*q. Let t be n(6). Suppose -s = -t + 5. What are the prime factors of s?
2, 3
Suppose 5*i - 45 = 5*b, -2*b - 3*i - i - 12 = 0. Let w(j) = 8 - j**2 + 0*j**2 + 8*j + 2*j**2. List the prime factors of w(b).
2
Let q be 0/(-1)*(0 - 1). Suppose -2*w + 10 + q = 0. What are the prime factors of w?
5
Let n(u) be the first derivative of u**4/6 - 5*u**3/6 + u**2 - 2*u + 1. Let q(l) be the first derivative of n(l). What are the prime factors of q(3)?
5
Suppose 203 - 1168 = -5*n. What are the prime factors of n?
193
Suppose -5*m - 495 = -4*g, 5*g - 471 = g - 3*m. What are the prime factors of g?
2, 3, 5
Suppose 4*b - 27 - 104 = -5*d, -b = -3*d - 20. What are the prime factors of b?
29
Let g(s) = -1 + 9*s + 0*s + 3*s - 1. List the prime factors of g(2).
2, 11
Let a = -1 + 9. Let c(s) = -s**3 + 9*s**2 - 6*s - 4. Let d be c(a). Let q = 18 - d. What are the prime factors of q?
2, 3
Suppose 0 = -4*q + 2*v + 3 - 1, 2*v = -5*q - 2. Suppose q*y = 2*y - 10. Suppose g = -3*z + 34, -5*g = y*z - 81 + 31. What are the prime factors of z?
2, 3
Let s(v) = v**2 + 7*v + 1. Let c be s(-8). Let i(l) = -l**3 + 8*l**2 + 10*l + 1. What are the prime factors of i(c)?
2, 5
List the prime factors of 4/10 + (-264)/(-40).
7
Let r(i) = -i**3 - 3*i**2 + 8*i + 7. What are the prime factors of r(-5)?
17
Let w(s) = -s**3 + 2*s**2 + s + 2. List the prime factors of w(0).
2
Suppose 16*m = 25*m - 2799. List the prime factors of m.
311
Let s be 1/(3*(-3)/(-36)). Suppose d = -4*x - 8, -3*x - 4*d - 3 = 3. List the prime factors of x/s - (-33)/6.
5
Let l be ((-2)/2)/(((-91)/(-21))/(-13)). Let c(j) = 0*j**3 + j**3 - 5*j**2 - 3 - j + 4*j**2. List the prime factors of c(l).
2, 3
Suppose 0*p + 2 = p, 5*p - 192 = -2*t. List the prime factors of t.
7, 13
Suppose -3*k + t = -155, -t = -4*k + 26 + 182. List the prime factors of k.
53
Suppose 4*o = -w - 3*w + 88, -42 = -w + 3*o. Suppose -2*a + 39 = y, -a - a = 5*y - w. Suppose -a = -4*p + 3. What are the prime factors of p?
2, 3
Let p(i) = 6*i**3 - 3*i**2 - 6. What are the prime factors of p(3)?
3, 43
Let s(p) = 17*p - 23. What are the prime factors of s(6)?
79
Let f = 46 + -34. Let h = -11 + 18. Let q = f - h. List the prime factors of q.
5
Suppose -3*c = b - 190, 3*b - 680 = -b + 4*c. What are the prime factors of b?
5, 7
Suppose 0 = 3*t + 5 - 29. Let p = 5 + t. List the prime factors of p.
13
Let p = 8 - 3. Suppose 0 = -0*y + p*y. Suppose y*b + b - 7 = 0. What are the prime factors of b?
7
Suppose -p - 5*g - 22 = -7, 2*p - 2*g = -18. Let f(u) = -u**2 - 13*u - 9. What are the prime factors of f(p)?
3, 7
Let t be (0 + -2)/(-4)*0. Suppose t = -3*i + i + 36. List the prime factors of i.
2, 3
Let t be (-15)/(-2)*16/(-20). Let m = -4 - t. Let q = m + 0. List the prime factors of q.
2
What are the prime factors of 4/(-20) + (-31)/(-5)?
2, 3
Let j be 3*4/6*1. Suppose 0 = 4*y - 54 + j. What are the prime factors of y?
13
Let n(x) = -x**3 + 4*x**2 + 5*x - 3. Let r be n(5). Let w(i) = -10*i - 3. List the prime factors of w(r).
3
Suppose -r + 29 + 26 = -2*t, 0 = -5*r - t + 275. Let q = -19 + r. List the prime factors of q.
2, 3
Suppose 0 = -x + 4*x - 24. List the prime factors of 6/(-24) + 66/x.
2
Let l = -43 - -64. Let g be (-2)/7 - (-90)/l. Let m = g - -9. List the prime factors of m.
13
What are the prime factors of -75*(2 + -3)/((-2)/(-6))?
3, 5
Suppose -15*r - 179 = -5174. List the prime factors of r.
3, 37
Suppose -2 + 0 = -t. Suppose q - n - 5 = -q, -t*n - 5 = q. What are the prime factors of (q/1)/(1/6)?
2, 3
Let d be (6/(-3))/1 - 3. Let x(y) = y**2 + 3*y - 4. List the prime factors of x(d).
2, 3
Let o(s) = s**2 + 4. Suppose -j + 4 = 11. Let w = j - -4. What are the prime factors of o(w)?
13
Let g(n) = -7*n**2 - 5 + n**3 + 2*n**2 + n**2. Let b be g(4). Let c(m) = m + 7. What are the prime factors of c(b)?
2
Let x(h) = h + 12. Suppose 0 = z - 2 - 1. Let q = z - 3. List the prime factors of x(q).
2, 3
Suppose -4*w - 2*f = -22, 2*f - 6 - 19 = -5*w. Suppose 0 = l - w - 2. List the prime factors of l.
5
Let g be (-96)/52 + (-6)/39. List the prime factors of (-6)/2*6/g.
3
Let n be 1 + 3/(-2)*6. List the prime factors of -2*76/n - -1.
2, 5
Suppose 2*n = 5*t + 11, 3*n - 27 = -2*t - t. List the prime factors of (n/6)/(-2)*-6.
2
Let v = -11 + 11. Suppose v = 19*p - 14*p - 130. What are the prime factors of p?
2, 13
Suppose 5*a - m + 45 = 4*m, 5*a - 3*m = -43. Let j = a + 18. What are the prime factors of j?
2, 5
Let n = -8 - -21. Suppose 4*j + 33 = n. What are the prime factors of 9/(-4)*(j + 1)?
3
Suppose -37 = -3*o + 2*w, 0*w = -o - w + 4. What are the prime factors of o?
3
Let l(d) = -4*d + 3. Suppose 0 = -2*w - 2*y - 18, -2 = -3*w + 4*y + 6. Let r be l(w). Suppose 0 = 3*k + r - 55. What are the prime factors of k?
2, 3
Let o = 1 + 1. Suppose -4*r + o*m = -m - 57, -32 = -2*r - 2*m. List the prime factors of r.
3, 5
Suppose 10 = 3*h - h. Suppose -11 = -4*r + h. List the prime factors of r.
2
List the prime factors of -6 - (-1254)/21 - (-4)/14.
2, 3
Let y(h) = -h**2. Let a(c) = 6*c**2 - 7*c + 6. Let u(s) = -a(s) - 5*y(s). Let g be u(6). List the prime factors of (g - -1)/(1/6).
2, 3
Let m(u) = -2*u - 9. Let h = -15 + 9. Let x be m(h). Suppose z - 56 = -x*z. What are the prime factors of z?
2, 7